de 8196?
False
Is 1164 a multiple of 9?
False
Does 11 divide 5071?
True
Is 13 a factor of 971?
False
Is 7 a factor of 155?
False
Is 34774 a multiple of 161?
False
Does 57 divide 10944?
True
Is 33 a factor of 1423?
False
Is 342 a multiple of 44?
False
Does 5 divide 4305?
True
Is 59 a factor of 12789?
False
Is 4984 a multiple of 8?
True
Is 3905 a multiple of 11?
True
Does 52 divide 1560?
True
Is 274 a multiple of 8?
False
Is 22 a factor of 616?
True
Is 9091 a multiple of 8?
False
Is 2717 a multiple of 13?
True
Does 11 divide 1837?
True
Is 17 a factor of 2525?
False
Is 812 a multiple of 29?
True
Is 2400 a multiple of 15?
True
Does 97 divide 873?
True
Does 3 divide 11081?
False
Is 20 a factor of 7966?
False
Is 25792 a multiple of 52?
True
Is 536 a multiple of 8?
True
Is 103 a factor of 2821?
False
Is 18 a factor of 8439?
False
Is 90 a factor of 97470?
True
Does 26 divide 8112?
True
Is 11160 a multiple of 24?
True
Is 654 a multiple of 6?
True
Is 39869 a multiple of 5?
False
Does 194 divide 4328?
False
Is 672 a multiple of 9?
False
Is 1995 a multiple of 7?
True
Is 7 a factor of 6169?
False
Is 1338 a multiple of 22?
False
Is 505 a multiple of 7?
False
Does 16 divide 6639?
False
Is 15 a multiple of 6?
False
Is 4752 a multiple of 8?
True
Is 45 a factor of 3540?
False
Is 10816 a multiple of 32?
True
Is 105 a factor of 1785?
True
Is 458 a multiple of 13?
False
Does 43 divide 3139?
True
Does 32 divide 4608?
True
Is 6976 a multiple of 104?
False
Does 6 divide 23298?
True
Is 10064 a multiple of 34?
True
Is 23716 a multiple of 98?
True
Is 1756 a multiple of 9?
False
Does 93 divide 1116?
True
Is 86 a factor of 2322?
True
Is 3832 a multiple of 8?
True
Does 8 divide 56?
True
Is 67 a factor of 16549?
True
Is 191 even?
False
Does 15 divide 525?
True
Is 967 a multiple of 9?
False
Is 4860 a multiple of 12?
True
Is 12723 a multiple of 10?
False
Does 2 divide 26932?
True
Is 2045 a multiple of 14?
False
Does 61 divide 1064?
False
Is 8244 a multiple of 104?
False
Does 138 divide 17388?
True
Does 212 divide 163664?
True
Does 8 divide 184?
True
Is 1377 a multiple of 31?
False
Does 31 divide 271?
False
Is 4 a factor of 3896?
True
Is 45904 a multiple of 19?
True
Is 55 a factor of 18612?
False
Is 2109 a multiple of 57?
True
Does 4 divide 3368?
True
Does 28 divide 2407?
False
Is 41022 a multiple of 258?
True
Is 696 a multiple of 10?
False
Is 17 a factor of 506?
False
Is 11 a factor of 551?
False
Does 5 divide 136?
False
Does 75 divide 1275?
True
Does 17 divide 1107?
False
Does 35 divide 3220?
True
Is 14 a factor of 3862?
False
Is 1416 a multiple of 6?
True
Does 23 divide 1564?
True
Is 20 a factor of 3332?
False
Does 2 divide 6749?
False
Is 1395 a multiple of 35?
False
Is 8618 a multiple of 62?
True
Is 7 a factor of 435?
False
Is 34 a factor of 349?
False
Is 19566 a multiple of 69?
False
Is 1705 a multiple of 15?
False
Is 1173 a multiple of 3?
True
Is 5197 a multiple of 13?
False
Does 23 divide 118?
False
Does 82 divide 26490?
False
Is 103320 a multiple of 40?
True
Does 22 divide 22?
True
Is 16 a factor of 62272?
True
Is 38 a factor of 342?
True
Is 8 a factor of 590?
False
Does 4 divide 2574?
False
Is 1873 a multiple of 123?
False
Does 12 divide 900?
True
Is 54638 a multiple of 23?
False
Is 13 a factor of 21476?
True
Does 13 divide 67?
False
Is 27 a factor of 2282?
False
Is 25 a factor of 2247?
False
Is 219 a multiple of 3?
True
Is 3412 even?
True
Is 9450 a multiple of 75?
True
Is 239 a factor of 5803?
False
Does 13 divide 325?
True
Does 11 divide 87820?
False
Is 11 a factor of 151?
False
Does 16 divide 192?
True
Does 7 divide 2254?
True
Does 120 divide 480?
True
Does 11 divide 1793?
True
Does 53 divide 14022?
False
Does 16 divide 10640?
True
Is 22 a factor of 726?
True
Does 6 divide 694?
False
Does 12 divide 48?
True
Does 13 divide 2418?
True
Is 152 a multiple of 8?
True
Is 3555 a multiple of 79?
True
Does 7 divide 14217?
True
Does 118 divide 5281?
False
Does 47 divide 4427?
False
Is 28 a factor of 728?
True
Is 125 a factor of 13023?
False
Is 19 a factor of 3211?
True
Is 21 a factor of 600?
False
Does 12 divide 2172?
True
Is 9132 a multiple of 3?
True
Does 11 divide 517?
True
Is 3422 a multiple of 29?
True
Is 14652 a multiple of 18?
True
Does 97 divide 7954?
True
Is 3 a factor of 553?
False
Is 8 a factor of 987?
False
Does 10 divide 588?
False
Is 43819 a multiple of 14?
False
Is 8862 a multiple of 90?
False
Is 2898 a multiple of 7?
True
Does 3 divide 3994?
False
Does 106 divide 1060?
True
Does 4 divide 1234?
False
Is 663 a multiple of 13?
True
Does 4 divide 2067?
False
Is 23 a factor of 2783?
True
Is 52284 a multiple of 41?
False
Is 48 a factor of 2928?
True
Is 6 a factor of 96?
True
Is 2520 a multiple of 126?
True
Is 21 a factor of 1239?
True
Is 47 a factor of 564?
True
Does 124 divide 3596?
True
Does 265 divide 78705?
True
Is 6114 a multiple of 14?
False
Is 21543 a multiple of 47?
False
Is 357 a multiple of 5?
False
Is 70 a factor of 2085?
False
Is 12 a factor of 4494?
False
Is 4716 a multiple of 45?
False
Is 10 a factor of 540?
True
Is 59 a factor of 1253?
False
Does 3 divide 47?
False
Is 10 a factor of 20260?
True
Is 750 a multiple of 5?
True
Is 3094 a multiple of 119?
True
Is 15 a factor of 11700?
True
Does 6 divide 4380?
True
Is 1920 a multiple of 30?
True
Is 7 a factor of 959?
True
Is 1139 a multiple of 7?
False
Is 143 a factor of 13989?
False
Is 25582 a multiple of 63?
False
Does 9 divide 27031?
False
Does 39 divide 377?
False
Does 13 divide 9166?
False
Is 8 a factor of 1976?
True
Does 83 divide 8217?
True
Is 46 a factor of 1564?
True
Is 31 a factor of 236?
False
Is 16 a factor of 389?
False
Does 11 divide 35068?
True
Is 414 a multiple of 6?
True
Is 58 a factor of 382?
False
Does 99 divide 1265?
False
Is 346 a multiple of 28?
False
Is 1519 a multiple of 11?
False
Is 3751 a multiple of 11?
True
Is 27 a factor of 4293?
True
Does 21 divide 116844?
True
Is 10 a factor of 1085?
False
Is 30745 a multiple of 194?
False
Does 30 divide 1980?
True
Does 65 divide 17342?
False
Is 26 a factor of 513?
False
Is 7 a factor of 7791?
True
Is 1078 a multiple of 18?
False
Is 1389 a multiple of 8?
False
Is 187 a multiple of 2?
False
Is 33 a factor of 14345?
False
Does 8 divide 720?
True
Is 26 a factor of 51636?
True
Is 19 a factor of 957?
False
Is 11 a factor of 286?
True
Does 17 divide 3740?
True
Does 24 divide 201?
False
Is 29 a factor of 1025?
False
Is 10 a factor of 330?
True
Is 1504 a multiple of 8?
True
Is 769 a multiple of 40?
False
Does 10 divide 670?
True
Is 63 a factor of 500?
False
Is 6 a factor of 1602?
True
Does 3 divide 1293?
True
Is 90 a multiple of 90?
True
Is 42 a factor of 60732?
True
Does 84 divide 2780?
False
Is 2257 a multiple of 63?
False
Is 3472 a multiple of 16?
True
Is 1872 a multiple of 6?
True
Does 62 divide 17236?
True
Is 9120 a multiple of 20?
True
Does 11 divide 1914?
True
Is 108 a factor of 4428?
True
Does 109 divide 7545?
False
Is 3953 a multiple of 93?
False
Is 81 a factor of 1377?
True
Is 22 a factor of 38905?
False
Does 92 divide 17664?
True
Does 16 divide 8560?
True
Is 14134 a multiple of 74?
True
Does 5 divide 173?
False
Is 27 a factor of 122?
False
Is 11 a factor of 929?
False
Is 23 a factor of 34454?
True
Does 34 divide 1712?
False
Does 3 divide 974?
False
Is 81 a factor of 891?
True
Is 67 a factor of 861?
False
Is 74 a factor of 37296?
True
Is 5506 a multiple of 12?
False
Is 32 a multiple of 21?
False
Is 27 a factor of 524?
False
Is 1296 a multiple of 16?
True
Does 13 divide 1614?
False
Is 11 a factor of 220?
True
Does 33 divide 10494?
True
Is 6300 a multiple of 35?
True
Does 11 divide 220?
True
Does 384 divide 35712?
True
Is 11 a factor of 58784?
True
Is 5346 a multiple of 22?
True
Is 2198 a multiple of 86?
False
Is 38 a factor of 6878?
True
Is 2170 a multiple of 31?
True
Is 29 a factor of 603?
False
Is 25 a factor of 53451?
False
Is 10471 a multiple of 37?
True
Is 1440 a multiple of 72?
True
Is 124 a factor of 16864?
True
Does 10 divide 870?
True
Is 38704 a multiple of 195?
False
Is 11 a factor of 572?
True
Is 25 a factor of 60625?
True
Does 6 divide 17816?
False
Is 11 a factor of 19606?
False
Is 6 a factor of 818?
False
Does 2 divide 139?
False
Is 11 a factor of 538?
False
Does 11 divide 1599?
False
Is 102032 a multiple of 70?
False
Is 34 a